 j.
16
Let s be (-6)/4*(-4)/3. Suppose -s*p = -3*h + 23, 2*h + h - 3*p - 18 = 0. Calculate the highest common divisor of 11 and h.
11
Let y be (-2 + 131)*(-7 - -8). Let c = y + -85. Calculate the highest common factor of 4 and c.
4
Suppose 6*u + 2*r - 1708 = 3*u, -5*r = 4*u - 2289. Let b = u + -390. Calculate the highest common divisor of b and 16.
16
Let z be ((2 - 1)*29)/(-1). Let d = z + 43. What is the highest common factor of d and 2?
2
Let v = -13 + 37. What is the highest common factor of v and 6?
6
Let y(r) = -r + 1. Let k be y(-4). Let c(f) = 3*f**2 + 4*f. Let z be c(-5). Calculate the highest common factor of k and z.
5
Suppose 0 = 5*i + n - 3*n - 9, -4*i = 2*n. Let t(u) = 21*u**3 + 2*u**2 - u. Let y be t(i). What is the highest common factor of y and 11?
11
Let x be (14/(-1))/(8/(-52)). What is the highest common factor of 13 and x?
13
Let x be (42/(-15))/((-2)/10). Suppose 0 = -4*d + 152 + 128. Calculate the highest common divisor of x and d.
14
Let p be ((-1)/(-4))/(2/8). Let s = 6 - p. Suppose 46 = c + s*q, c + 5*q = -c + 72. What is the highest common divisor of c and 13?
13
Let o(f) = 8*f**2 - 3*f + 1. Let x be o(2). Suppose 3*b - x = 15. Let k be ((-8)/12)/(2/(-6)). What is the greatest common factor of b and k?
2
Suppose 2*s = 2*h + h + 21, 4*h = 4*s - 44. What is the highest common divisor of 24 and s?
12
Suppose -2*k - 2070 = -12*k. Calculate the greatest common divisor of k and 23.
23
Let s be 6/(((-36)/(-64))/3). Calculate the highest common divisor of s and 8.
8
Suppose 0 = 2*j + 5*x - 53, j + 2*x - 7 - 19 = 0. What is the greatest common divisor of j and 6?
6
Let n = 33 - 32. Let v be 2/6*(-1 - -16). What is the greatest common factor of v and n?
1
Suppose 2*y = -y + 3. Calculate the highest common factor of 6 and y.
1
Let u = -6 - -57. Suppose 0 = -r + 4*r - u. Calculate the greatest common divisor of 34 and r.
17
Let a be 0/(-5 - (-3 + 0)). Suppose -4*l + 5*q + 249 = 0, a*l - 5*l + 285 = -q. What is the highest common divisor of 14 and l?
14
Let w(c) = -c**2 - 23*c - 22. Let z be w(-17). Calculate the greatest common factor of z and 32.
16
Suppose 5*h - 287 = -3*a, 5*h - 49 - 40 = -a. Calculate the highest common factor of a and 11.
11
Let j = 11 + 0. Let r = 17 - j. What is the greatest common factor of 9 and r?
3
Suppose 0 = 2*c + 4, 18 = -5*p - c - 3*c. Let m be -2*(p + 14/(-4)). What is the greatest common divisor of m and 11?
11
Let c(a) = -a**2 + 10*a - 10. Let v be c(10). Let h be (-2)/v + (-1796)/(-20). What is the highest common divisor of h and 10?
10
Suppose c + 14 = 3*c. What is the greatest common factor of c and 63?
7
Suppose -3 - 1 = -2*v. Suppose -3 = -v*h - h. Let m(y) = -y**2 + 4. Let z be m(0). Calculate the greatest common divisor of z and h.
1
Let o(l) = l**2 + 7*l + 1. Let y be o(-6). Let b(w) = -6*w + 5. Let d be b(y). Let t = d + -20. Calculate the highest common factor of 45 and t.
15
Let u = 16 - 6. Let k be (0 + 64)*5/u. Calculate the greatest common divisor of k and 80.
16
Let i = 150 + -88. Let q = i - 135. Let b = -31 - q. Calculate the greatest common factor of b and 21.
21
Let x = 0 - -3. Suppose x*v + v = 216. Calculate the greatest common factor of v and 36.
18
Let n(l) = 43*l - 8. Let v be n(6). Suppose 2*a = 4*b - v, -4*b + 215 = -5*a - 32. Let c be (3/5)/(8/120). What is the highest common divisor of b and c?
9
Let n(b) = 7*b - 6. Let u(m) = -3*m + 3. Let v(t) = -2*n(t) - 5*u(t). Let h be v(8). What is the greatest common factor of h and 20?
5
Let a be (-1)/(-4) + 2/(-8). Let f be 2 - 0 - a/(-1). Suppose f*d = -2*d + 132. What is the greatest common factor of d and 3?
3
Let h = -4 - -6. Suppose -5*v - b + 17 = 0, -4*v + 6*v - 2 = -h*b. Suppose 0 = -v*l, -5*l + 57 = 3*m - 60. What is the highest common factor of m and 13?
13
Let f be (-8)/20 + 2248/20. Calculate the greatest common divisor of 14 and f.
14
Suppose -y = 4*y. Suppose -5*r + 3*h - 45 = -275, y = -5*r - 3*h + 260. Let c = 121 - r. Calculate the greatest common factor of 9 and c.
9
Suppose 34 = 7*v - 64. Calculate the highest common factor of 14 and v.
14
Suppose m = -4*m + 15. Suppose 4*w = 2*j - 4, -5*j - 2*w + 25 = m*w. Let d = j - 2. Calculate the highest common divisor of 18 and d.
2
Let s = -7 + 15. What is the highest common divisor of 16 and s?
8
Suppose -2*n - 21 = -5*m, n = -4*m - 0 + 22. What is the highest common divisor of m and 45?
5
Let i = -12 - 2. Let a be 4/(-14) + 10/i. Let x be 4*4*(2 + a). What is the highest common factor of 8 and x?
8
Suppose -5*w = 172 - 942. Calculate the highest common divisor of 14 and w.
14
Let d = -144 - -179. Calculate the highest common divisor of 56 and d.
7
Suppose -3*m + 59 = -5*t, -m - t - 4*t + 53 = 0. What is the highest common divisor of 252 and m?
28
Let u = 25 + -15. Suppose -2*h - 5*r - 10 = 0, -2*h + 0*h - r + 6 = 0. What is the highest common factor of u and h?
5
Suppose 0*x - 3*x = -12. Let p = -1 - -3. Let b be p/(-8) - (-9)/x. What is the greatest common divisor of 22 and b?
2
Let w(y) = 21*y**2 + 3*y - 4. Let s be w(1). Suppose 4*i = 76 + 164. Calculate the highest common divisor of i and s.
20
Suppose -2*u + 144 = 2*u. Suppose -5*n = 4*m - 1286, m - 2*n - 328 = -0*m. Calculate the highest common factor of m and u.
36
Suppose 5*u = 15, 573 = 2*d + 2*d - u. Calculate the highest common divisor of d and 18.
18
Let a(m) = 4*m**3 - 2. Let b be a(2). What is the highest common factor of b and 75?
15
Let v = -3 - -3. Let i(b) = b + 55. Let u be i(v). Let f = 24 - 13. What is the greatest common divisor of u and f?
11
Let i(b) = -b**2 - 6*b + 8. Let v be i(-4). Let r(o) = 10*o**2. Let t be r(4). What is the greatest common divisor of v and t?
16
Let h = -9 + 119. What is the greatest common factor of 88 and h?
22
Let v = 5 - 3. Suppose -2*i - 2*i + 16 = 4*f, v*i + 4 = 0. What is the highest common factor of f and 24?
6
Let l(b) = b + 1. Let y be l(-7). Let w(j) = -3*j + 2. Let r be w(y). What is the greatest common factor of r and 50?
10
Let j = 52 - 4. Calculate the greatest common divisor of j and 72.
24
Let a = 5 - 3. What is the highest common factor of a and 6?
2
Suppose 0 = -2*a - 2*y - 6, 2 = 2*a + 4*y - 2. Let f be a/10*(-30)/2. Let g = -1 - -13. Calculate the highest common divisor of g and f.
12
Suppose 3*g - 290 = -2*g. What is the greatest common divisor of 29 and g?
29
Suppose 0 = 4*g - 3*a - 73, -g + 2*a = 2*g - 54. Let q(l) = -10*l - 1. Let m be q(-1). Let z be 6/m + 92/6. What is the greatest common factor of z and g?
16
Suppose 5*f - 2*s + 3 = 187, f + 3*s = 30. Let l(o) = 17*o + 4. Let j be l(4). Suppose j = b + 2*b. Calculate the highest common divisor of f and b.
12
Let u be ((-6)/(-1))/(2 + -1). Let o = 5 - u. Let g be 14 + (-1 + 1 - o). Calculate the highest common factor of 60 and g.
15
Suppose -2240 = -0*v - 4*v. Suppose -3*h + v = 2*h. What is the highest common factor of h and 28?
28
Let s be 40/6*(-171)/(-38). Calculate the greatest common divisor of s and 12.
6
Let k be ((-6)/(-15))/(1/(-5)). Let x be k*(-4)/((-8)/(-19)). Calculate the greatest common divisor of 57 and x.
19
Let g = 6 - -1. Calculate the greatest common factor of g and 35.
7
Let c = 8 + -6. Suppose -c*b = -6*b + 20. Suppose 0 = t - b*t + 44. What is the highest common factor of t and 55?
11
Let l = -8 - -8. Let o = 3 - l. Calculate the highest common divisor of o and 6.
3
Suppose 2*o + 3*t - 117 = -2*o, 2*o = -2*t + 60. Calculate the greatest common factor of o and 216.
27
Let x = -1 - -7. What is the greatest common factor of x and 54?
6
Suppose 0 = -3*w + 81 + 27. Calculate the greatest common divisor of w and 36.
36
Let j = 32 + -18. Suppose -10 = -4*w + 2. Suppose 3*p = 3*h + 204, 0 = 2*p + 4*h - w*h - 142. Calculate the greatest common divisor of p and j.
14
Let c = 31 + -20. Suppose -25 = -5*s, 106 = 2*n - 2*s + 6. Calculate the highest common divisor of n and c.
11
Suppose 2*h = 7*h + 25. Let i(y) = -y**3 - 6*y**2 - 3*y + 5. Let l be i(h). Let n = 3 - l. What is the greatest common factor of n and 2?
2
Suppose 0 = 10*x - 6*x - 304. Calculate the highest common divisor of x and 4.
4
Suppose 5*b - 48 - 2 = 0. Let k be -1*2*(-8)/16. Let z be (6/(-9))/(k/(-15)). What is the highest common factor of z and b?
10
Suppose -12 - 72 = -l. What is the greatest common fac